 -5*q + 25, 0 = -3*i + 5*q + 18 + 7. What is the highest common divisor of j and i?
10
Suppose -4*y - 335 - 1 = -5*l, 3*l - 200 = 2*y. Suppose -14 = -6*h + 34. Calculate the highest common divisor of l and h.
8
Suppose -5*b + 4*b = -1. Let p(a) = 4*a - 1. Let k be 5/3 - (-6)/(-9). Let i be p(k). What is the greatest common factor of b and i?
1
Suppose 5*c + 5*o - 192 = 2*o, -3*c + o + 118 = 0. Suppose -w + 10 = -3. What is the greatest common divisor of c and w?
13
Let n = 258 + -180. Suppose -n = 2*u - 3*u. What is the highest common factor of 13 and u?
13
Let k be 3/12 - 166/(-8). Let t = 98 - 14. What is the highest common factor of t and k?
21
Let a(j) = 28*j - 8. Let f be a(6). Calculate the greatest common factor of 32 and f.
32
Let c = -21 - -80. Let t = c - 34. Let a be (0 + -2)/((-8)/700). Calculate the greatest common factor of a and t.
25
Let k be (6/(-4))/((-3)/(-30)). Let a = -7 - k. Let d be -12*2/10*-30. Calculate the greatest common divisor of a and d.
8
Suppose -1 = 2*t + 3. Let o be (t/3)/(3/(-63)). Let h be (1 - (-34)/(-6))*-3. Calculate the greatest common factor of h and o.
14
Suppose -2*u = -4*r - 0*u + 104, 160 = 5*r + 5*u. Suppose -8*s + 6*s + 456 = 2*z, -3*s = -5*z - 652. Calculate the highest common divisor of r and s.
28
Suppose 0*r + 3*m = r - 15, -4*r = -2*m - 30. What is the greatest common divisor of r and 10?
2
Suppose -46 = -7*t + 304. Let k(x) be the first derivative of x**3/3 - 2*x**2 - 2*x - 2. Let l be k(6). Calculate the highest common factor of t and l.
10
Let q(f) = -5 - f + 4 + 2 - 2. Let j be q(-3). Calculate the greatest common factor of j and 10.
2
Suppose -4*r = -g - 290 - 17, 5*r - 2*g = 386. What is the greatest common factor of 19 and r?
19
Let r be (-26)/4*4/(-2). Calculate the highest common factor of 91 and r.
13
Let b(r) = r**3 - 5*r**2 - 3*r + 5. Let t be b(5). Let x be ((-528)/15)/(2/t). Calculate the greatest common divisor of x and 16.
16
Let o be -1 - (-3 + 8)*1. Let a be (-143)/(3/o*1). Let b be a/8 + (-2)/(-8). Calculate the greatest common factor of 6 and b.
6
Suppose 4*t - 13 = -o, 2*t - 21 = -t + 3*o. What is the greatest common factor of t and 2?
2
Let p = 0 - -7. Suppose 1 + p = 4*l. Let g = 64 + -46. What is the highest common factor of l and g?
2
Suppose -2*s - 2*h = 2*s - 54, -2*s = 5*h - 15. What is the greatest common divisor of 165 and s?
15
Suppose -5*r + 2 + 23 = 0. Let z = r + 0. Calculate the greatest common factor of 2 and z.
1
Let m(w) = 4*w**2 + 5 + 2*w - 7*w - 2*w**3 + 3*w**3 + 0. Let s be m(-5). Calculate the highest common factor of 10 and s.
5
Let q = -43 - -63. What is the highest common factor of q and 50?
10
Suppose 0*c - 25*c = -325. Calculate the highest common factor of c and 52.
13
Let u be 105/14*54/15. Calculate the highest common divisor of 135 and u.
27
Suppose p - 3*p + 18 = -3*d, -5*d - 50 = -5*p. Suppose w = -3*w + p. What is the greatest common divisor of 30 and w?
3
Let t = 221 - 155. Calculate the greatest common divisor of 22 and t.
22
Let z(t) = t**3 - 12*t**2 - 12*t. Let l be z(13). Calculate the greatest common divisor of l and 26.
13
Let t be 2 - 3/((-6)/4). Suppose 4*k + 4*z + 8 = -0*k, -4*k = -t*z + 16. Let p = 5 + k. Calculate the highest common divisor of p and 2.
2
Let y be (-264)/16*(-4)/3. Suppose 5*a - 542 = -4*j, -5*a + 2*a = -5*j - 340. Calculate the highest common divisor of y and a.
22
Let a = 26 + -43. Let k be 4 - (0 - -3) - a. Calculate the greatest common divisor of k and 162.
18
Let s be (-83 - 2)*(-4)/10. Let m be s/(-2) + (-2)/2. Let z = m + 36. What is the greatest common factor of z and 45?
9
Suppose -k - 4*k + 2 = -2*q, 5*k - 4*q + 6 = 0. Let t = 6 + -2. Suppose 0 = 4*c - 2*z - 26, -10 - 2 = -t*z. What is the highest common divisor of k and c?
2
Let j = 2 + -3. Let c be (-2)/(j/(42/4)). Let p = 64 + -22. Calculate the highest common divisor of p and c.
21
Let n(h) = -h**2 - 10*h + 5. Let j be n(-11). Let f be j/(-21) + (-243)/(-7). Calculate the highest common divisor of f and 14.
7
Let i = 6 - 6. Suppose 53 = 5*x + 3*w, 5*x - 3*w - w - 46 = i. Let z(n) = 31*n - 3. Let o be z(3). What is the greatest common divisor of x and o?
10
Suppose -y + 2*z - 3*z + 28 = 0, z = y - 24. Let w(a) = 0 + 8 - 2 + 3 - 3*a. Let j be w(-10). What is the highest common divisor of j and y?
13
Suppose 19 = -y - 3*n + 7, -2*y - 2*n = 8. Suppose -2*w + 24 = 2*w - 4*r, y = -4*r. Suppose -3*d - w = -4*d. Calculate the highest common factor of 12 and d.
6
Suppose 32 = 4*g + 12. Suppose 2*w - g*y - 2 = 0, -3*w + 0 + 3 = -y. Let c(i) = 5*i + 1. Let n be c(w). What is the highest common factor of n and 6?
6
Let s(n) be the third derivative of -n**4/24 + 5*n**3/3 - 4*n**2. Let o be s(7). Let c be 550/15*o/2. What is the greatest common divisor of 22 and c?
11
Let o = 16 - 0. Calculate the greatest common divisor of 64 and o.
16
Suppose 2*q = -5*t - 33 + 12, 2*q + 9 = -t. Let c be (1 - 0)/(2/22). Let d be 0/(-2) + c - q. What is the greatest common factor of 7 and d?
7
Let i(b) = 52*b - 10. Let m be i(4). Calculate the highest common factor of 18 and m.
18
Let q(y) = 2*y + 8 - 8*y + 2*y + 2*y. Let x be q(-5). Let f be (-2)/(-4) - (-22)/4. Calculate the greatest common divisor of f and x.
6
Let g = 5 + 5. Let f = 189 + -109. What is the highest common factor of g and f?
10
Let i(w) be the third derivative of -29*w**6/120 - w**5/60 + w**3/6 - w**2. Let t be i(1). Let o = t - -53. What is the highest common divisor of 6 and o?
6
Suppose 3*j - 6*i - 420 = -i, -5*i = 15. Calculate the greatest common divisor of 54 and j.
27
Let c(p) = p**3 + 25. Let n be c(0). Suppose 4*t = -4*h + 36, -5*h = 5*t - h - 46. What is the highest common divisor of n and t?
5
Let i(x) = 14*x. Let h be i(3). Suppose -4*c - 5 + h = -5*a, -2*a - 26 = -3*c. Suppose b = -b + 64. Calculate the greatest common factor of c and b.
8
Let s be 9*((-16)/(-6) - 3). Let m be (-4)/s*(4 + 14). Calculate the greatest common factor of m and 6.
6
Let k(u) = -u - 4. Let o be k(-8). Suppose 124 = o*v + 4*y, -5*v + y + y + 134 = 0. Calculate the highest common divisor of v and 70.
14
Let k = 30 - -18. What is the highest common divisor of 18 and k?
6
Suppose -3*x + 5 = -4. Let l(w) = w**3 - 2*w**2 + w - 1. Let s be l(x). What is the highest common divisor of 99 and s?
11
Suppose 0 = 2*m + 2*m + 48. Let y be (m/(-5))/(8/80). What is the greatest common divisor of y and 16?
8
Let n = -3 - -7. Let h be 7/((-14)/n) + 27. What is the greatest common divisor of 100 and h?
25
Let m = 34 + -8. Calculate the greatest common factor of 78 and m.
26
Let a(b) = -b**2 + 10*b - 11. Let f be a(8). Suppose 18 = f*o - 12. Suppose -o = w - 2*w. What is the highest common factor of 18 and w?
6
Let u be 18 + (-4)/(-4)*0. What is the highest common divisor of 90 and u?
18
Suppose -4*h - h = 4*w, -h = 2*w + 6. Suppose -h*t = -3*t - 56. Calculate the highest common divisor of 8 and t.
8
Let l be -3 - (-85)/(-4 - -9). Calculate the greatest common divisor of l and 35.
7
Let u(r) = -r**3 - 4*r**2 + 3*r + 4. Let i be u(-5). Calculate the highest common factor of 14 and i.
14
Let m(d) = d**2 + 8*d + 8. Let z be m(-8). Let s(u) = u - 4. Let h be s(z). Calculate the highest common factor of h and 36.
4
Suppose 677 = 4*z + 2*w - 3*w, -2*w = -6. Calculate the highest common factor of z and 34.
34
Let x = 4 + -1. Let w be ((-27)/3)/x + 11. What is the greatest common divisor of w and 1?
1
Let o(t) = t**3 - t**2 + 1. Let x(i) = i**3 - 2*i**2 + 4. Let z(j) = 2*o(j) - x(j). Let d be z(2). What is the greatest common divisor of 18 and d?
6
Suppose 343 = 3*b - 137. What is the greatest common divisor of b and 10?
10
Let i = -276 - -396. What is the highest common factor of i and 10?
10
Let z = 64 - 31. Calculate the greatest common divisor of 22 and z.
11
Let k(z) = z**3 - 13*z**2 - 10*z - 32. Let m be k(14). What is the highest common factor of 6 and m?
6
Suppose 48 = 4*k - 84. What is the greatest common divisor of 99 and k?
33
Suppose -y - 1 + 0 = 0. Let r be y/1*(-38)/2. Let k = 318 + -223. Calculate the highest common divisor of r and k.
19
Let n = -1 + 2. Let h be 230/6 + n/(-3). Suppose -2*r - h = -3*a, -3*a + 31 = -0*r + 5*r. What is the highest common factor of 30 and a?
6
Let w be (9 - 6) + (0 - -2) + 23. What is the highest